{"id":2,"date":"2024-08-09T15:48:50","date_gmt":"2024-08-09T13:48:50","guid":{"rendered":"http:\/\/auroregoulet.fr\/?page_id=2"},"modified":"2024-08-21T11:00:52","modified_gmt":"2024-08-21T09:00:52","slug":"cabinet-psychologue-angers","status":"publish","type":"page","link":"https:\/\/auroregoulet.fr\/index.php\/cabinet-psychologue-angers\/","title":{"rendered":"Cabinet \u00e0 Angers"},"content":{"rendered":"\n<h1 class=\"wp-block-heading\" style=\"text-transform:none\">Qui suis-je ?<\/h1>\n\n\n\n<h2 class=\"wp-block-heading has-text-color has-link-color has-prata-font-family wp-elements-b24022b7e624a403d495bf0777c156a3\" style=\"color:#b66f41\">Ceci est un sous-titre<\/h2>\n\n\n\n<p class=\"has-libre-baskerville-font-family\">Ceci est une page d\u2019exemple. C\u2019est diff\u00e9rent d\u2019un article de blog parce qu\u2019elle restera au m\u00eame endroit et appara\u00eetra dans la navigation de votre site (dans la plupart des th\u00e8mes). La plupart des gens commencent par une page \u00ab&nbsp;\u00c0 propos&nbsp;\u00bb qui les pr\u00e9sente aux personnes visitant le site. Cela pourrait ressembler \u00e0 quelque chose comme cela&nbsp;:<\/p>\n\n\n\n<div class=\"wp-block-columns is-layout-flex wp-container-core-columns-is-layout-28f84493 wp-block-columns-is-layout-flex\">\n<div class=\"wp-block-column is-layout-flow wp-block-column-is-layout-flow\">\n<p>Ceci est un test de colonnes<\/p>\n<\/div>\n\n\n\n<div class=\"wp-block-column is-layout-flow wp-block-column-is-layout-flow\">\n<figure class=\"wp-block-image size-large\"><img loading=\"lazy\" decoding=\"async\" width=\"1024\" height=\"672\" src=\"http:\/\/auroregoulet.fr\/wp-content\/uploads\/2024\/08\/Capture-decran-2024-08-14-110113-3-1024x672.png\" alt=\"\" class=\"wp-image-75\" srcset=\"https:\/\/auroregoulet.fr\/wp-content\/uploads\/2024\/08\/Capture-decran-2024-08-14-110113-3-1024x672.png 1024w, https:\/\/auroregoulet.fr\/wp-content\/uploads\/2024\/08\/Capture-decran-2024-08-14-110113-3-300x197.png 300w, https:\/\/auroregoulet.fr\/wp-content\/uploads\/2024\/08\/Capture-decran-2024-08-14-110113-3-768x504.png 768w, https:\/\/auroregoulet.fr\/wp-content\/uploads\/2024\/08\/Capture-decran-2024-08-14-110113-3-1536x1008.png 1536w, https:\/\/auroregoulet.fr\/wp-content\/uploads\/2024\/08\/Capture-decran-2024-08-14-110113-3.png 2000w\" sizes=\"auto, (max-width: 1024px) 100vw, 1024px\" \/><\/figure>\n<\/div>\n<\/div>\n\n\n\n<blockquote class=\"wp-block-quote is-layout-flow wp-block-quote-is-layout-flow\">\n<p class=\"has-libre-baskerville-font-family\"><\/p>\n<\/blockquote>\n","protected":false},"excerpt":{"rendered":"<p>Qui suis-je ? Ceci est un sous-titre Ceci est une page d\u2019exemple. C\u2019est diff\u00e9rent d\u2019un article de blog parce qu\u2019elle restera au m\u00eame endroit et appara\u00eetra dans la navigation de votre site (dans la plupart des th\u00e8mes). La plupart des gens commencent par une page \u00ab&nbsp;\u00c0 propos&nbsp;\u00bb qui les pr\u00e9sente aux personnes visitant le site. [&hellip;]<\/p>\n","protected":false},"author":1,"featured_media":52,"parent":0,"menu_order":0,"comment_status":"closed","ping_status":"closed","template":"","meta":{"footnotes":""},"class_list":["post-2","page","type-page","status-publish","has-post-thumbnail","hentry"],"yoast_head":"<!-- This site is optimized with the Yoast SEO plugin v23.3 - https:\/\/yoast.com\/wordpress\/plugins\/seo\/ -->\n<title>Cabinet \u00e0 Angers - Aurore Goulet<\/title>\n<meta name=\"robots\" content=\"index, follow, max-snippet:-1, max-image-preview:large, max-video-preview:-1\" \/>\n<link rel=\"canonical\" href=\"https:\/\/auroregoulet.fr\/index.php\/cabinet-psychologue-angers\/\" \/>\n<meta property=\"og:locale\" content=\"en_US\" \/>\n<meta property=\"og:type\" content=\"article\" \/>\n<meta property=\"og:title\" content=\"Cabinet \u00e0 Angers - Aurore Goulet\" \/>\n<meta property=\"og:description\" content=\"Qui suis-je ? Ceci est un sous-titre Ceci est une page d\u2019exemple. C\u2019est diff\u00e9rent d\u2019un article de blog parce qu\u2019elle restera au m\u00eame endroit et appara\u00eetra dans la navigation de votre site (dans la plupart des th\u00e8mes). La plupart des gens commencent par une page \u00ab&nbsp;\u00c0 propos&nbsp;\u00bb qui les pr\u00e9sente aux personnes visitant le site. [&hellip;]\" \/>\n<meta property=\"og:url\" content=\"https:\/\/auroregoulet.fr\/index.php\/cabinet-psychologue-angers\/\" \/>\n<meta property=\"og:site_name\" content=\"Aurore Goulet\" \/>\n<meta property=\"article:modified_time\" content=\"2024-08-21T09:00:52+00:00\" \/>\n<meta property=\"og:image\" content=\"http:\/\/auroregoulet.fr\/wp-content\/uploads\/2024\/08\/Capture-decran-2024-08-14-110113.png\" \/>\n\t<meta property=\"og:image:width\" content=\"1162\" \/>\n\t<meta property=\"og:image:height\" content=\"763\" \/>\n\t<meta property=\"og:image:type\" content=\"image\/png\" \/>\n<meta name=\"twitter:card\" content=\"summary_large_image\" \/>\n<script type=\"application\/ld+json\" class=\"yoast-schema-graph\">{\"@context\":\"https:\/\/schema.org\",\"@graph\":[{\"@type\":\"WebPage\",\"@id\":\"https:\/\/auroregoulet.fr\/index.php\/cabinet-psychologue-angers\/\",\"url\":\"https:\/\/auroregoulet.fr\/index.php\/cabinet-psychologue-angers\/\",\"name\":\"Cabinet \u00e0 Angers - Aurore Goulet\",\"isPartOf\":{\"@id\":\"https:\/\/auroregoulet.fr\/#website\"},\"primaryImageOfPage\":{\"@id\":\"https:\/\/auroregoulet.fr\/index.php\/cabinet-psychologue-angers\/#primaryimage\"},\"image\":{\"@id\":\"https:\/\/auroregoulet.fr\/index.php\/cabinet-psychologue-angers\/#primaryimage\"},\"thumbnailUrl\":\"https:\/\/auroregoulet.fr\/wp-content\/uploads\/2024\/08\/Capture-decran-2024-08-14-110113.png\",\"datePublished\":\"2024-08-09T13:48:50+00:00\",\"dateModified\":\"2024-08-21T09:00:52+00:00\",\"breadcrumb\":{\"@id\":\"https:\/\/auroregoulet.fr\/index.php\/cabinet-psychologue-angers\/#breadcrumb\"},\"inLanguage\":\"en-US\",\"potentialAction\":[{\"@type\":\"ReadAction\",\"target\":[\"https:\/\/auroregoulet.fr\/index.php\/cabinet-psychologue-angers\/\"]}]},{\"@type\":\"ImageObject\",\"inLanguage\":\"en-US\",\"@id\":\"https:\/\/auroregoulet.fr\/index.php\/cabinet-psychologue-angers\/#primaryimage\",\"url\":\"https:\/\/auroregoulet.fr\/wp-content\/uploads\/2024\/08\/Capture-decran-2024-08-14-110113.png\",\"contentUrl\":\"https:\/\/auroregoulet.fr\/wp-content\/uploads\/2024\/08\/Capture-decran-2024-08-14-110113.png\",\"width\":1162,\"height\":763,\"caption\":\"Points d'aquarelle Aurore Goulet Psychologue\"},{\"@type\":\"BreadcrumbList\",\"@id\":\"https:\/\/auroregoulet.fr\/index.php\/cabinet-psychologue-angers\/#breadcrumb\",\"itemListElement\":[{\"@type\":\"ListItem\",\"position\":1,\"name\":\"Accueil\",\"item\":\"https:\/\/auroregoulet.fr\/\"},{\"@type\":\"ListItem\",\"position\":2,\"name\":\"Cabinet \u00e0 Angers\"}]},{\"@type\":\"WebSite\",\"@id\":\"https:\/\/auroregoulet.fr\/#website\",\"url\":\"https:\/\/auroregoulet.fr\/\",\"name\":\"Aurore Goulet\",\"description\":\"Un site utilisant WordPress\",\"potentialAction\":[{\"@type\":\"SearchAction\",\"target\":{\"@type\":\"EntryPoint\",\"urlTemplate\":\"https:\/\/auroregoulet.fr\/?s={search_term_string}\"},\"query-input\":\"required name=search_term_string\"}],\"inLanguage\":\"en-US\"}]}<\/script>\n<!-- \/ Yoast SEO plugin. -->","yoast_head_json":{"title":"Cabinet \u00e0 Angers - Aurore Goulet","robots":{"index":"index","follow":"follow","max-snippet":"max-snippet:-1","max-image-preview":"max-image-preview:large","max-video-preview":"max-video-preview:-1"},"canonical":"https:\/\/auroregoulet.fr\/index.php\/cabinet-psychologue-angers\/","og_locale":"en_US","og_type":"article","og_title":"Cabinet \u00e0 Angers - Aurore Goulet","og_description":"Qui suis-je ? Ceci est un sous-titre Ceci est une page d\u2019exemple. C\u2019est diff\u00e9rent d\u2019un article de blog parce qu\u2019elle restera au m\u00eame endroit et appara\u00eetra dans la navigation de votre site (dans la plupart des th\u00e8mes). La plupart des gens commencent par une page \u00ab&nbsp;\u00c0 propos&nbsp;\u00bb qui les pr\u00e9sente aux personnes visitant le site. [&hellip;]","og_url":"https:\/\/auroregoulet.fr\/index.php\/cabinet-psychologue-angers\/","og_site_name":"Aurore Goulet","article_modified_time":"2024-08-21T09:00:52+00:00","og_image":[{"width":1162,"height":763,"url":"http:\/\/auroregoulet.fr\/wp-content\/uploads\/2024\/08\/Capture-decran-2024-08-14-110113.png","type":"image\/png"}],"twitter_card":"summary_large_image","schema":{"@context":"https:\/\/schema.org","@graph":[{"@type":"WebPage","@id":"https:\/\/auroregoulet.fr\/index.php\/cabinet-psychologue-angers\/","url":"https:\/\/auroregoulet.fr\/index.php\/cabinet-psychologue-angers\/","name":"Cabinet \u00e0 Angers - Aurore Goulet","isPartOf":{"@id":"https:\/\/auroregoulet.fr\/#website"},"primaryImageOfPage":{"@id":"https:\/\/auroregoulet.fr\/index.php\/cabinet-psychologue-angers\/#primaryimage"},"image":{"@id":"https:\/\/auroregoulet.fr\/index.php\/cabinet-psychologue-angers\/#primaryimage"},"thumbnailUrl":"https:\/\/auroregoulet.fr\/wp-content\/uploads\/2024\/08\/Capture-decran-2024-08-14-110113.png","datePublished":"2024-08-09T13:48:50+00:00","dateModified":"2024-08-21T09:00:52+00:00","breadcrumb":{"@id":"https:\/\/auroregoulet.fr\/index.php\/cabinet-psychologue-angers\/#breadcrumb"},"inLanguage":"en-US","potentialAction":[{"@type":"ReadAction","target":["https:\/\/auroregoulet.fr\/index.php\/cabinet-psychologue-angers\/"]}]},{"@type":"ImageObject","inLanguage":"en-US","@id":"https:\/\/auroregoulet.fr\/index.php\/cabinet-psychologue-angers\/#primaryimage","url":"https:\/\/auroregoulet.fr\/wp-content\/uploads\/2024\/08\/Capture-decran-2024-08-14-110113.png","contentUrl":"https:\/\/auroregoulet.fr\/wp-content\/uploads\/2024\/08\/Capture-decran-2024-08-14-110113.png","width":1162,"height":763,"caption":"Points d'aquarelle Aurore Goulet Psychologue"},{"@type":"BreadcrumbList","@id":"https:\/\/auroregoulet.fr\/index.php\/cabinet-psychologue-angers\/#breadcrumb","itemListElement":[{"@type":"ListItem","position":1,"name":"Accueil","item":"https:\/\/auroregoulet.fr\/"},{"@type":"ListItem","position":2,"name":"Cabinet \u00e0 Angers"}]},{"@type":"WebSite","@id":"https:\/\/auroregoulet.fr\/#website","url":"https:\/\/auroregoulet.fr\/","name":"Aurore Goulet","description":"Un site utilisant WordPress","potentialAction":[{"@type":"SearchAction","target":{"@type":"EntryPoint","urlTemplate":"https:\/\/auroregoulet.fr\/?s={search_term_string}"},"query-input":"required name=search_term_string"}],"inLanguage":"en-US"}]}},"_links":{"self":[{"href":"https:\/\/auroregoulet.fr\/index.php\/wp-json\/wp\/v2\/pages\/2","targetHints":{"allow":["GET"]}}],"collection":[{"href":"https:\/\/auroregoulet.fr\/index.php\/wp-json\/wp\/v2\/pages"}],"about":[{"href":"https:\/\/auroregoulet.fr\/index.php\/wp-json\/wp\/v2\/types\/page"}],"author":[{"embeddable":true,"href":"https:\/\/auroregoulet.fr\/index.php\/wp-json\/wp\/v2\/users\/1"}],"replies":[{"embeddable":true,"href":"https:\/\/auroregoulet.fr\/index.php\/wp-json\/wp\/v2\/comments?post=2"}],"version-history":[{"count":14,"href":"https:\/\/auroregoulet.fr\/index.php\/wp-json\/wp\/v2\/pages\/2\/revisions"}],"predecessor-version":[{"id":211,"href":"https:\/\/auroregoulet.fr\/index.php\/wp-json\/wp\/v2\/pages\/2\/revisions\/211"}],"wp:featuredmedia":[{"embeddable":true,"href":"https:\/\/auroregoulet.fr\/index.php\/wp-json\/wp\/v2\/media\/52"}],"wp:attachment":[{"href":"https:\/\/auroregoulet.fr\/index.php\/wp-json\/wp\/v2\/media?parent=2"}],"curies":[{"name":"wp","href":"https:\/\/api.w.org\/{rel}","templated":true}]}}